e 9) in base 13?
-2aa5b95
Convert -185207 (base 9) to base 15.
-242a1
What is 224305453 (base 7) in base 6?
1205344154
41714455 (base 8) to base 10
8886573
What is 48a472 (base 12) in base 13?
323936
-946550 (base 10) to base 2
-11100111000101110110
What is -208a04 (base 13) in base 16?
-ba000
Convert 32001000 (base 5) to base 3.
111111112121
What is -2807b5 (base 13) in base 14?
-1b4537
What is -436247 (base 9) in base 16?
-3f96a
What is 2d2a0 (base 14) in base 10?
113036
3542521 (base 9) to base 3
10121102120201
2f24f (base 16) to base 11
122099
What is 1011010100010100000 (base 2) in base 11?
233695
Convert -31030120121 (base 4) to base 11.
-1a52539
Convert 2210222201 (base 3) to base 14.
1628c
What is 54846 (base 16) in base 9?
576776
What is -34410b (base 12) in base 11?
-521531
What is 505522122 (base 6) in base 2?
100001000101100000100010
Convert -1200020200001 (base 3) to base 9.
-1606601
Convert 133a334 (base 12) to base 16.
3a2c58
1011123202 (base 4) to base 9
473084
Convert 13264354 (base 7) to base 9.
2267757
20200532 (base 7) to base 16
19a648
What is -6115 (base 12) in base 3?
-112102222
Convert 6ba9c (base 15) to base 4.
1103303220
33201121211 (base 4) to base 5
2020201330
What is 42400113 (base 5) in base 14?
93bab
Convert 143223 (base 6) to base 11.
a320
Convert -17374241 (base 8) to base 10.
-4061345
What is 161703 (base 9) in base 14?
284a6
47a0 (base 12) to base 8
17550
What is 21154575 (base 8) in base 15?
5e1dd5
Convert -76941 (base 15) to base 12.
-162007
1010110000000001000 (base 2) to base 11
220730
What is -24164416 (base 7) in base 5?
-1022303401
c30174 (base 13) to base 7
53413263
-131121211 (base 4) to base 14
-31c57
Convert -3414440 (base 6) to base 13.
-60c06
-2242204 (base 5) to base 4
-21311300
201303033 (base 4) to base 14
38651
What is 2492f0 (base 16) in base 3?
11111202221112
Convert 111010032 (base 4) to base 10.
86286
-3331435 (base 8) to base 7
-10426361
48a082a (base 11) to base 13
19c4c53
Convert 180735 (base 10) to base 2.
101100000111111111
Convert 1486161 (base 11) to base 15.
352d97
What is 111202130312 (base 4) in base 15?
767dde
What is -132315 (base 12) in base 10?
-314945
420201214 (base 5) to base 13
485326
What is -28c88 (base 14) in base 13?
-3711c
-21341512 (base 7) to base 12
-740411
What is 1c13d0 (base 14) in base 11?
62507a
What is 105351 (base 8) in base 12?
186b5
What is -171741 (base 8) in base 2?
-1111001111100001
-cc864c (base 16) to base 5
-11412404344
Convert -1340130 (base 5) to base 11.
-19767
Convert 101403334 (base 5) to base 4.
1212112103
What is 30334100 (base 5) in base 16?
3c186
What is 15042314 (base 7) in base 12?
587078
What is -4233120433 (base 5) in base 7?
-135321510
1102012002111 (base 3) to base 11
473813
Convert -22102111100010 (base 3) to base 8.
-21051504
Convert -20d168 (base 15) to base 10.
-1562948
-29978e (base 15) to base 11
-1150534
Convert -611d0 (base 14) to base 5.
-24433433
What is -691c7 (base 15) in base 13?
-b9368
Convert 33fac (base 16) to base 11.
135a63
Convert -42246165 (base 7) to base 16.
-368c3a
What is 1a80a10 (base 11) in base 8?
15264604
20012211220121 (base 3) to base 8
14464523
-67ab8 (base 12) to base 3
-21000102112
Convert e51e1 (base 15) to base 9.
1325864
167531 (base 8) to base 9
103041
What is -6d5b3 (base 16) in base 15?
-8cab8
What is 2b8618 (base 14) in base 6?
52335222
Convert 50542231 (base 6) to base 3.
2201101011101
Convert -87c17 (base 14) to base 7.
-2536630
23ab3 (base 14) to base 10
87181
Convert 6169399 (base 11) to base 2.
101001100010110111011001
-2020010020001 (base 3) to base 8
-4407142
What is 12040144223 (base 5) in base 15?
1365543
Convert -98a35 (base 12) to base 9.
-336885
Convert 5225004 (base 8) to base 16.
152a04
-124a2 (base 16) to base 14
-1d430
What is -76a2dc (base 15) in base 12?
-1a87a46
-110000001000011001 (base 2) to base 3
-101000102200
What is -122200201200 (base 3) in base 16?
-55068
Convert -210751 (base 9) to base 15.
-271b7
What is -135523 (base 11) in base 16?
-33d23
Convert 46cd2 (base 14) to base 6.
3411212
Convert -5c62c (base 14) to base 4.
-313032300
-11240323 (base 5) to base 8
-310274
Convert -2777c3b (base 13) to base 16.
-be4725
Convert 1110000000111110000010 (base 2) to base 13.
9b8374
What is 10110404133 (base 5) in base 16?
9c5cfa
What is -82126 (base 13) in base 12?
-b2a77
What is -13232333233 (base 4) in base 3?
-10211000012201
What is 33434034 (base 6) in base 4?
3313331212
34365556 (base 7) to base 9
5584241
47c11 (base 13) to base 6
2453321
What is -84a060 (base 12) in base 9?
-3836220
Convert -990dc (base 14) to base 4.
-1122133022
What is 30311101203 (base 4) in base 3?
20022220110100
What is -5d30d (base 16) in base 15?
-78174
896829 (base 10) to base 12
372bb9
1510431 (base 6) to base 13
3079c
What is -11100011111000011 (base 2) in base 7?
-664106
-29d15 (base 14) to base 15
-20c9a
-1000201200100202 (base 3) to base 11
-8355639
-14307643 (base 9) to base 13
-1613a78
Convert -100336 (base 9) to base 16.
-e7bd
-276706 (base 9) to base 6
-3342140
What is -3c4c97 (base 15) in base 9?
-5412667
What is a110a1 (base 12) in base 14?
4950a5
360390 (base 10) to base 16
57fc6
Convert 560012 (base 7) to base 5.
11122300
What is -1703555 (base 11) in base 13?
-7a87c0
What is -b34de (base 15) in base 16?
-8ab2d
Convert -19a318 (base 11) to base 2.
-1001010110101010000
What is 11200000101210 (base 3) in base 16?
25d8dd
520624 (base 7) to base 6
1524421
Convert 12011101010 (base 3) to base 6.
2102220
4010014223 (base 5) to base 8
36065545
-33b2e (base 16) to base 8
-635456
Convert 312677 (base 8) to base 5.
11310441
72960a (base 13) to base 10
2676970
Convert -45fe6 (base 16) to base 4.
-1011333212
What is 21370 (base 10) in base 6?
242534
-322131235 (base 6) to base 12
-1ab0b1b
Convert -451416 (base 7) to base 10.
-79785
-87a76 (base 11) to base 16
-1f2fa
Convert 51557741 (base 8) to base 11.
619a661
51ae7 (base 16) to base 5
41201232
What is 167cb (base 13) in base 4?
22201111
-10417501 (base 8) to base 2
-1000100001111101000001
-155434122 (base 6) to base 4
-30301200002
3434332101 (base 5) to base 8
35372144
What is -4799 (base 12) in base 2?
-1111101100101
Convert 3882a3 (base 14) to base 7.
22342363
-11001011010001001111001 (base 2) to base 15
-8b8839
What is 24489 (base 13) in base 14?
1a443
Convert 18296 (base 15) to base 16.
13188
Convert 812524 (base 11) to base 10.
1306342
What is 11200000 (base 4) in base 13?
a33c
Convert -11010011001001101 (base 2) to base 15.
-22074
Convert 121301020 (base 4) to base 8.
316110
-13314412 (base 5) to base 7
-1103233
What is -1954648 (base 12) in base 5?
-2331240414
805396 (base 10) to base 13
222787
What is 111245 (base 12) in base 10?
271637
Convert -4b0186 (base 13) to base 7.
-21203466
What is -196749 (base 10) in base 13?
-6b727
What is -511a6 (base 14) in base 12?
-94b3a
Convert -197790 (base 16) to base 9.
-3123403
Convert 6a918 (base 11) to base 2.
11000111101111000
What is -2037b (base 14) in base 13?
-2939a
-1011011122110020 (base 3) to base 2
-111111001100011101101110
-23310010230 (base 4) to base 10
-3096876
What is 31202331202 (base 4) in base 11?
2005a7a
Convert -35120123 (base 7) to base 5.
-1242034144
-1620564 (base 7) to base 11
-142a89
Convert 31001133033 (base 4) to base 12.
1187813
Convert 1324077 (base 8) to base 6.
11540235
Convert 416e71 (base 16) to base 2.
10000010110111001110001
What is -10101111010000 (base 2) in base 16?
-2bd0
157088 (base 10) to base 14
41368
Convert -20311330 (base 7) to base 4.
-12133021003
What is -52430 (base 8) in base 6?
-244504
What is -21b92b (base 14) in base 16?
-117cc3
-10010000110100001 (base 2) to base 7
-426111
-3554054 (base 7) to base 4
-1231331132
-1111110101011011110011 (base 2) to base 8
-17653363
Convert 121010020200 (base 3) to base 5.
40123140
46b1d (base 14) to base 16
2a117
-53015 (base 10) to base 6
-1045235
Convert 620563 (base 7) to base 9.
171274
What is -32b480 (base 12) in base 16?
-c52e0
-233764 (base 11) to base 12
-15a7b3
What is -5b52b4 (base 14) in base 6?
-151000022
-76997e (base 15) to base 5
-2421330034
What is 220101021000222 (base 3) in base 6?
1141411555
Convert -244199 (base 15) to base 6.
-101104543
What is -202c2b0 (base 13) in base 7?
-145524314
-18f